{"id":1451,"date":"2025-10-14T14:26:44","date_gmt":"2025-10-14T12:26:44","guid":{"rendered":"https:\/\/www.acces-direct-amiante.fr\/?page_id=1451"},"modified":"2025-10-14T15:16:56","modified_gmt":"2025-10-14T13:16:56","slug":"desamiantage-m","status":"publish","type":"page","link":"https:\/\/www.acces-direct-amiante.fr\/?page_id=1451","title":{"rendered":"D\u00e9samiantage mobile"},"content":{"rendered":"\t\t<div data-elementor-type=\"wp-page\" data-elementor-id=\"1451\" class=\"elementor elementor-1451\" data-elementor-post-type=\"page\">\n\t\t\t\t<div class=\"elementor-element elementor-element-55919bf e-flex e-con-boxed e-con e-parent\" data-id=\"55919bf\" data-element_type=\"container\">\n\t\t\t\t\t<div class=\"e-con-inner\">\n\t\t\t\t<div class=\"elementor-element elementor-element-04c9f06 elementor-widget elementor-widget-html\" data-id=\"04c9f06\" data-element_type=\"widget\" data-widget_type=\"html.default\">\n\t\t\t\t<div class=\"elementor-widget-container\">\n\t\t\t<!DOCTYPE html>\n<html lang=\"fr\">\n\n<head>\n    <style>\n        body {\n            font-family: Arial, sans-serif;\n            margin: 0;\n            padding: 0;\n            background-color: #f9f9f9;\n            color: #333;\n        }\n\n        .header {\n            background-color: #333;\n            color: white;\n            padding: 10px;\n            text-align: center;\n        }\n\n        .menu {\n            \/\/background-color: #444;\n            padding: 10px;\n            text-align: center;\n            position: sticky;\n            top: 0;\n            z-index: 100;\n            box-shadow: 0 2px 5px rgba(0, 0, 0, 0.2);\n        }\n\n        .menu h2 {\n            color: white;\n            margin: 5px 0;\n            font-size: 16px;\n        }\n\n        .menu-list {\n            list-style: none;\n            padding: 0;\n            margin: 0;\n            display: flex;\n            flex-wrap: wrap;\n            justify-content: center;\n        }\n\n        .menu-item {\n            background-color: #b74940;\n            color: white;\n            padding: 8px 12px;\n            margin: 5px;\n            border-radius: 5px;\n            text-decoration: none;\n            display: block;\n            font-size: 16px;\n            font-weight: bold;\n        }\n\n        .menu-item:hover {\n            background-color: #d47979;\n            color: white;\n        }\n\n        .section {\n            padding: 20px;\n            margin-bottom: 20px;\n            background-color: white;\n            border-radius: 10px;\n            box-shadow: 0 2px 5px rgba(0, 0, 0, 0.1);\n            margin-top: 60px;\n        }\n\n        .section h2 {\n            color: #b74940;\n            border-bottom: 2px solid #b74940;\n            padding-bottom: 5px;\n        }\n\n        .section-content {\n            display: flex;\n            flex-direction: column;\n            gap: 15px;\n        }\n\n        .card {\n            background-color: #f0f0f0;\n            padding: 15px;\n            border-radius: 5px;\n            border-left: 4px solid #b74940;\n        }\n\n        .card h3 {\n            margin-top: 0;\n            color: #b74940;\n        }\n\n        .building-image {\n            background-image: url(\"\/wp-content\/uploads\/2025\/10\/materiaux.webp\");\n            background-size: contain;\n            background-repeat: no-repeat;\n            width: 100%;\n            max-width: 600px;\n            height: auto;\n            margin: 0 auto 15px;\n            display: block;\n            min-height: 400px;\n        }\n\n        .protection-image {\n            width: 100%;\n            max-width: 300px;\n            height: auto;\n            margin: 0 auto 15px;\n            display: block;\n            background-color: #ddd;\n            min-height: 400px;\n            border-radius: 5px;\n        }\n\n        .highlight-box {\n            background-color: rgba(224, 122, 95, 0.2);\n            padding: 10px;\n            border-radius: 5px;\n            text-align: center;\n            margin: 10px 0;\n            font-style: italic;\n        }\n\n        .material-list {\n            list-style: none;\n            padding: 0;\n        }\n\n        .material-item {\n            background-color: #b74940;\n            color: white;\n            padding: 8px 12px;\n            margin: 5px 0;\n            border-radius: 5px;\n            font-size: 14px;\n        }\n\n        .footer {\n            text-align: center;\n            padding: 10px;\n            background-color: #333;\n            color: white;\n            font-size: 12px;\n        }\n        \n        .videoContainer{\n            width : 100px; \n        }\n    <\/style>\n<\/head>\n\n<body>\n    <div class=\"menu\">\n        <ul class=\"menu-list\">\n            <li><a href=\"#materials\" class=\"menu-item\">1. Mat\u00e9riaux<\/a><\/li>\n            <li><a href=\"#planning\" class=\"menu-item\">2. Planification<\/a><\/li>\n            <li><a href=\"#protection\" class=\"menu-item\">3. \u00c9quipement<\/a><\/li>\n            <li><a href=\"#securisation\" class=\"menu-item\">4. S\u00e9curisation<\/a><\/li>\n            <li><a href=\"#removal\" class=\"menu-item\">5. Retrait<\/a><\/li>\n        <\/ul>\n    <\/div>\n\n    <div id=\"materials\" class=\"section\">\n        <h2>Identification des mat\u00e9riaux pouvant contenir de l'amiante<\/h2>\n        <div class=\"building-image\"><\/div>\n        <div class=\"highlight-box\">\n            Nous intervenons suite \u00e0 la r\u00e9alisation d'un diagnostique Amiante r\u00e9alis\u00e9 par un professionnel\n        <\/div>\n        <ul class=\"material-list\">\n            <li class=\"material-item\">La peinture<\/li>\n            <li class=\"material-item\">Les conduits<\/li>\n            <li class=\"material-item\">Le fibrociment<\/li>\n            <li class=\"material-item\">L'amiante peut \u00eatre pr\u00e9sente dans les murs<\/li>\n            <li class=\"material-item\">Les faux plafonds<\/li>\n            <li class=\"material-item\">Les rev\u00eatements de sol en plastique<\/li>\n            <li class=\"material-item\">Les dalles de sol<\/li>\n        <\/ul>\n    <\/div>\n\n    <div id=\"planning\" class=\"section\">\n        <h2>Planification de notre intervention de d\u00e9samiantage<\/h2>\n        <div class=\"section-content\">\n            <div class=\"card\">\n                <h3>Analyse des risques<\/h3>\n                <p>Identifier et \u00e9valuer les risques potentiels associ\u00e9s au d\u00e9samiantage, en tenant compte des\n                    caract\u00e9ristiques sp\u00e9cifiques du site.<\/p>\n            <\/div>\n            <div class=\"card\">\n                <h3>\u00c9laboration du plan de retrait<\/h3>\n                <p>Cr\u00e9er un plan de travail d\u00e9taill\u00e9 qui sp\u00e9cifie les t\u00e2ches \u00e0 accomplir, les m\u00e9thodes de d\u00e9samiantage,\n                    et les ressources n\u00e9cessaires.<\/p>\n            <\/div>\n            <div class=\"card\">\n                <h3>Gestion des d\u00e9chets<\/h3>\n                <p>D\u00e9velopper des proc\u00e9dures claires pour l'emballage, le transport et l'\u00e9limination des d\u00e9chets\n                    d'amiante conform\u00e9ment aux normes r\u00e9glementaires.<\/p>\n            <\/div>\n            <div class=\"card\">\n                <h3>Formation du personnel<\/h3>\n                <p>Assurer que le personnel est form\u00e9 aux proc\u00e9dures de d\u00e9samiantage, aux \u00e9quipements de protection, et\n                    \u00e0 la reconnaissance des mat\u00e9riaux contenant de l'amiante.<\/p>\n            <\/div>\n            <div class=\"card\">\n                <h3>Communication<\/h3>\n                <p>\u00c9tablir un plan de communication interne et externe pour informer toutes les parties prenantes du\n                    projet sur les \u00e9tapes du d\u00e9samiantage et les pr\u00e9cautions prises.<\/p>\n            <\/div>\n            <div class=\"card\">\n                <h3>Documentation<\/h3>\n                <p>Mettre en place un syst\u00e8me de documentation pour enregistrer chaque \u00e9tape du processus, y compris les\n                    r\u00e9sultats des \u00e9valuations et les proc\u00e9dures suivies.<\/p>\n            <\/div>\n        <\/div>\n    <\/div>\n\n    <div id=\"protection\" class=\"section\">\n        <h2>\u00c9quipement de protection<\/h2>\n        <div style=\"text-align: center;\">\n              <video class=\"videoContainer\" height=\"600\" autoplay=\"autoplay\" loop=\"loop\" muted defaultMuted playsinline>\n  <source src=\"\/wp-content\/uploads\/2025\/10\/combinaison.mp4\" type=\"video\/mp4\" \/>\n  <\/video>\n        <\/div>\n        <div class=\"section-content\">\n\n            <div style=\"display: flex; justify-content: space-between; flex-wrap: wrap;\">\n                <div style=\"flex: 1; min-width: 300px; margin: 10px;\">\n                    <h3>\u00c9quipement<\/h3>\n                    <ul class=\"material-list\">\n                        <li class=\"material-item\">Masques respiratoires et masque de protection appropri\u00e9s<\/li>\n                        <li class=\"material-item\">Combinaisons sp\u00e9ciales con\u00e7ues pour emp\u00eacher les fibres d'amiante de\n                            p\u00e9n\u00e9trer<\/li>\n                        <li class=\"material-item\">Gants appropri\u00e9s pour \u00e9viter tout contact direct<\/li>\n                        <li class=\"material-item\">Chaussures de s\u00e9curit\u00e9 appropri\u00e9es<\/li>\n                    <\/ul>\n                <\/div>\n                <div style=\"flex: 1; min-width: 300px; margin: 10px;\">\n                    <h3>Savoir-faire<\/h3>\n                    <ul class=\"material-list\">\n                        <li class=\"material-item\">Organisation des sessions de formation sp\u00e9cifiques<\/li>\n                        <li class=\"material-item\">Mise en place des proc\u00e9dures r\u00e9guli\u00e8res de v\u00e9rification de l'EPI<\/li>\n                    <\/ul>\n                <\/div>\n            <\/div>\n        <\/div>\n    <\/div>\n\n    <div id=\"securisation\" class=\"section\">\n        <h2>S\u00e9curisation du site<\/h2>\n        <div class=\"section-content\">\n            <div class=\"card\">\n                <h3>Installation de barri\u00e8re<\/h3>\n                <p>Installer des barri\u00e8res physiques autour du site de d\u00e9samiantage pour restreindre l'acc\u00e8s et emp\u00eacher\n                    les personnes non autoris\u00e9es d'entrer.<\/p>\n            <\/div>\n            <div class=\"card\">\n                <h3>Panneaux d'avertissement<\/h3>\n                <p>Placer des panneaux d'avertissement clairs et facilement visibles autour du p\u00e9rim\u00e8tre du site pour\n                    informer les personnes de la pr\u00e9sence de travaux de d\u00e9samiantage en cours.<\/p>\n            <\/div>\n            <div class=\"card\">\n                <h3>Contr\u00f4le des acc\u00e8s<\/h3>\n                <p>Mettre en place des points de contr\u00f4le d'acc\u00e8s pour surveiller et limiter les entr\u00e9es et sorties du\n                    site uniquement aux personnes autoris\u00e9es.<\/p>\n            <\/div>\n            <div class=\"card\">\n                <h3>Formation sur la s\u00e9curit\u00e9<\/h3>\n                <p>Fournir une formation sur la s\u00e9curit\u00e9 aux travailleurs et au personnel autoris\u00e9 pour les sensibiliser\n                    aux dangers potentiels et aux proc\u00e9dures de s\u00e9curit\u00e9 \u00e0 suivre sur le site.<\/p>\n            <\/div>\n            <div class=\"card\">\n                <h3>\u00c9valuation des risques<\/h3>\n                <p>Effectuer une \u00e9valuation approfondie des risques sur le site pour identifier les dangers potentiels\n                    et mettre en place des mesures d'att\u00e9nuation appropri\u00e9es.<\/p>\n            <\/div>\n            <div class=\"card\">\n                <h3>\u00c9vacuation d'urgence<\/h3>\n                <p>\u00c9tablir des plans d'\u00e9vacuation d'urgence et s'assurer que tous les travailleurs sont inform\u00e9s des\n                    proc\u00e9dures \u00e0 suivre en cas d'urgence.<\/p>\n            <\/div>\n        <\/div>\n    <\/div>\n\n    <div id=\"removal\" class=\"section\">\n        <h2>Retrait de l'amiante et contr\u00f4les finaux<\/h2>\n        <div class=\"section-content\">\n            <div class=\"card\">\n                <h3>Retrait des Mat\u00e9riaux<\/h3>\n                <p>Le retrait des mat\u00e9riaux contenant de l'amiante implique l'utilisation de techniques sp\u00e9cifiques pour\n                    extraire ces \u00e9l\u00e9ments de mani\u00e8re s\u00e9curis\u00e9e.<\/p>\n            <\/div>\n            <div class=\"card\">\n                <h3>Contr\u00f4le de l'Atmosph\u00e8re<\/h3>\n                <p>Le contr\u00f4le de l'atmosph\u00e8re consiste \u00e0 mettre en place des mesures pour limiter la dispersion des\n                    fibres d'amiante dans l'air.<\/p>\n            <\/div>\n            <div class=\"card\">\n                <h3>\u00c9limination des D\u00e9chets<\/h3>\n                <p>L'\u00e9limination des d\u00e9chets d'amiante n\u00e9cessite une manipulation et un emballage sp\u00e9cifiques des\n                    mat\u00e9riaux contamin\u00e9s.<\/p>\n            <\/div>\n            <div class=\"card\">\n                <h3>V\u00e9rification de la Conformit\u00e9<\/h3>\n                <p>La v\u00e9rification de la conformit\u00e9 consiste \u00e0 effectuer une inspection approfondie pour s'assurer que\n                    toutes les \u00e9tapes du d\u00e9samiantage ont \u00e9t\u00e9 men\u00e9es conform\u00e9ment aux r\u00e9glementations.<\/p>\n            <\/div>\n            <div class=\"card\">\n                <h3>Nettoyage du site<\/h3>\n                <p>Le nettoyage du site apr\u00e8s le d\u00e9samiantage implique une \u00e9limination m\u00e9ticuleuse des r\u00e9sidus et des\n                    d\u00e9bris.<\/p>\n            <\/div>\n            <div class=\"card\">\n                <h3>Restitution du site apr\u00e8s d\u00e9samiantage<\/h3>\n                <p>Assurer que le site est restitu\u00e9 dans un \u00e9tat s\u00fbr et conforme apr\u00e8s les travaux.<\/p>\n            <\/div>\n        <\/div>\n    <\/div>\n\n<\/body>\n\n<\/html>\t\t<\/div>\n\t\t\t\t<\/div>\n\t\t\t\t\t<\/div>\n\t\t\t\t<\/div>\n\t\t\t\t<\/div>\n\t\t","protected":false},"excerpt":{"rendered":"<p>1. Mat\u00e9riaux 2. Planification 3. \u00c9quipement 4. S\u00e9curisation 5. Retrait Identification des mat\u00e9riaux pouvant contenir de l&rsquo;amiante Nous intervenons suite \u00e0 la r\u00e9alisation d&rsquo;un diagnostique Amiante r\u00e9alis\u00e9 par un professionnel La peinture Les conduits Le fibrociment L&rsquo;amiante peut \u00eatre pr\u00e9sente dans les murs Les faux plafonds Les rev\u00eatements de sol en plastique Les dalles de [&hellip;]<\/p>\n","protected":false},"author":1,"featured_media":0,"parent":0,"menu_order":0,"comment_status":"closed","ping_status":"closed","template":"","meta":{"footnotes":""},"class_list":["post-1451","page","type-page","status-publish","hentry"],"_links":{"self":[{"href":"https:\/\/www.acces-direct-amiante.fr\/index.php?rest_route=\/wp\/v2\/pages\/1451","targetHints":{"allow":["GET"]}}],"collection":[{"href":"https:\/\/www.acces-direct-amiante.fr\/index.php?rest_route=\/wp\/v2\/pages"}],"about":[{"href":"https:\/\/www.acces-direct-amiante.fr\/index.php?rest_route=\/wp\/v2\/types\/page"}],"author":[{"embeddable":true,"href":"https:\/\/www.acces-direct-amiante.fr\/index.php?rest_route=\/wp\/v2\/users\/1"}],"replies":[{"embeddable":true,"href":"https:\/\/www.acces-direct-amiante.fr\/index.php?rest_route=%2Fwp%2Fv2%2Fcomments&post=1451"}],"version-history":[{"count":37,"href":"https:\/\/www.acces-direct-amiante.fr\/index.php?rest_route=\/wp\/v2\/pages\/1451\/revisions"}],"predecessor-version":[{"id":1496,"href":"https:\/\/www.acces-direct-amiante.fr\/index.php?rest_route=\/wp\/v2\/pages\/1451\/revisions\/1496"}],"wp:attachment":[{"href":"https:\/\/www.acces-direct-amiante.fr\/index.php?rest_route=%2Fwp%2Fv2%2Fmedia&parent=1451"}],"curies":[{"name":"wp","href":"https:\/\/api.w.org\/{rel}","templated":true}]}}